mber?
True
Let s = 18 + 0. Let l = -22 + s. Is l/16 - (-573)/4 prime?
False
Let x(b) = -10*b**3 - 12*b**2 - 9*b + 5. Let v be x(-10). Suppose -s + 3*n + 1775 = 6*n, v = 5*s + 5*n. Is s composite?
True
Let l be (-12)/(-10)*(-50)/20. Let z = -2 - l. Is 3 + z + 75 + -2 a composite number?
True
Let a(k) = 106*k**3 - 3*k**2 - 5*k + 4. Let t be a(-4). Is t/(-20) + (-9)/(-15) a composite number?
True
Let l(j) = -j**2 - 8*j - 9. Let x be l(-7). Let s be (x - -1) + 18 - 2. Is 1161/s + (-8)/20 a prime number?
False
Is -93*2*63/(-54) prime?
False
Suppose 253527 = 5*n + 4*o, -5*o = -2*n - 3*o + 101418. Is n a prime number?
True
Let i(g) = 944*g**2 - 3*g + 2. Is i(1) a composite number?
True
Suppose 11*g - 54457 = -2*g. Is g a composite number?
True
Let c be (39/15)/(1/5). Let a(d) = -d - 2*d + 26*d - c + 13*d. Is a(12) composite?
False
Let i(h) = 3712*h**3 + 10*h**2 - 9*h. Is i(1) prime?
False
Let t(c) = 50*c - 5. Let a = 4 + -1. Is t(a) prime?
False
Suppose 4*y = -240 + 56. Let n = 77 + y. Suppose 0 = -5*i + 79 + n. Is i a composite number?
True
Let z be ((-2)/3)/(26/(-273)). Let o(c) = 3*c**3 - 13*c**2 + 7*c + 8. Is o(z) a composite number?
False
Is (-3 - (-3 - -97))*(2 + -19) composite?
True
Suppose -4*x - 14 = -22. Suppose 3*p + 126 = 3*m, -19 = -m - x*p + 8. Is m composite?
False
Suppose -3*k - 9104 - 4125 = -5*o, -k + 2 = 0. Is o a composite number?
False
Let s be 4/(-1) - (7 + -11). Suppose -6*i + 3*i - 48 = s. Let y(n) = 5*n**2 - 17*n + 15. Is y(i) prime?
True
Suppose -4*i = -5*i + 5. Let d be 24/16 - i/(-2). Is 2514/d*16/24 prime?
True
Suppose 2*f - 8*f - 12 = 0. Let y(h) = 32*h**2 - 5*h - 11. Is y(f) composite?
False
Is 7/(-35) + 176898/15 composite?
True
Let u(f) = 18290*f**2 + 14*f + 11. Is u(-1) composite?
False
Suppose -2*i + 8668 = 2*c - 22558, 3*i - 5*c = 46839. Is i composite?
True
Let f(k) = 509*k**2 + 4*k - 6. Let q(c) = -764*c**2 - 6*c + 9. Let v(t) = 8*f(t) + 5*q(t). Is v(1) prime?
True
Let a(s) = -15*s**2 - 11*s - 6. Let z be a(-7). Let h = 27 - z. Is h a composite number?
False
Let x(c) = -c**3 - c**2 - c + 3. Let a be x(0). Suppose 0 = -2*o + a*o - 1693. Is o a composite number?
False
Suppose 2*b - 3*x - 2 = 0, 0 = 4*b - 2*x - 0 - 12. Suppose 3*m - 4*m = -s + 586, -4*m + b = 0. Is s a prime number?
True
Suppose 3*n = 9*n - 24. Suppose -n*c + 6723 - 2743 = 0. Is c a prime number?
False
Suppose 0 = 17*g - 22*g + 20. Suppose -n - n + g = 0. Suppose -82 - 420 = -n*m. Is m a prime number?
True
Let s(j) = -38*j**2 + 9*j - 4. Let z be s(9). Let w = z + 5099. Is (w/4 - -3)*2 a prime number?
False
Let q(s) = -6*s**3 + 2*s**2 + 3. Let d(z) = z**3 + 12*z**2 + z + 10. Let r be d(-12). Is q(r) composite?
False
Is (0 - 2/4) + (-1151115)/(-266) a prime number?
True
Suppose 0*o = 3*u - 3*o - 1830, 2*u + 5*o - 1241 = 0. Is u prime?
True
Suppose 0 = 66*y - 213098 - 82648. Is y prime?
True
Let a(m) = 5407*m**2 - 10*m + 23. Is a(2) a composite number?
True
Let z(n) = 241*n**3 - 1. Let y be z(1). Suppose 813 = 3*a + y. Is a a composite number?
False
Let c = 11 - -4. Let a(s) = 413*s - 424*s - 44*s**2 + 19 + 45*s**2. Is a(c) a composite number?
False
Let l = -1440 + 85. Let g = l - -2886. Is g a prime number?
True
Let v = 758 - 451. Is v a prime number?
True
Let g = -71 + 42. Let x = 156 + g. Is x a prime number?
True
Suppose 4*x - 63*x + 1813129 = 0. Is x a composite number?
True
Suppose 0 = -j - 2*b + 20247, -3*j - 7*b + 4*b + 60744 = 0. Is j composite?
False
Is 2 + -7 + 678/1 a prime number?
True
Let b = 90 - 88. Suppose -2*k + 2*v + 0*v + 72 = 0, 46 = k - 3*v. Let l = k + b. Is l a prime number?
False
Let q(b) = b**3 + 3*b**2 + b + 3. Suppose 15 = 3*h + 5*k - 4*k, 5*h + 3*k - 29 = 0. Is q(h) composite?
True
Is -13641*((-1)/5 - 66/45) a composite number?
True
Let s(m) = 21*m - 230. Is s(51) a composite number?
True
Let u(p) = -p**3 - 13*p**2 - 21*p + 15. Let m be u(-11). Is (-15426)/(-22) - m/22 prime?
True
Let i = 64921 + -36384. Is i composite?
False
Let n(i) = -7 + 5*i + 226*i**2 + 0*i + 11. Is n(3) a prime number?
True
Is 6/(-42) - 1/7*-99310 composite?
True
Is (-1)/(44359/(-243551) + (-2)/(-11)) a prime number?
True
Suppose -3*v + 4*t = -10, 0 = 3*t + 3 - 0. Let g be 0 + 401 - v - 3. Let o = g + -187. Is o prime?
False
Suppose 18 = -t + 2*q, -5*t - 28 = 3*q - 3. Let a(x) = x**3 + 9*x**2 + 9*x + 10. Let m be a(t). Is (-17 + m - -2)*-11 a composite number?
True
Let s = -16 - -14. Let j = 3 - s. Suppose -j*y + 1581 = 136. Is y composite?
True
Suppose 11*p - 20 = 7*p. Suppose 0 = -0*d + p*d - 775. Is d a composite number?
True
Let w = -3 + 8. Suppose w*q + n = 3369, -1311 = -2*q - 4*n + 51. Is q prime?
True
Let q(c) = -c**2 + 6*c + 5. Let u be q(5). Let r = u - 4. Suppose -l - 1895 = -r*l. Is l a composite number?
False
Let k = -132932 + 248211. Is k a prime number?
True
Let d(c) = 15*c**2 + c + 147. Is d(19) a composite number?
False
Let b = 409 - 238. Suppose -b = -c + 2*q + 262, 0 = -3*c + 2*q + 1307. Is c prime?
False
Suppose 149*b + 4765 = 154*b. Is b a prime number?
True
Suppose 0 = -16*q + 233888 - 13120. Is q composite?
True
Let a be 4 - ((-3)/3)/1. Suppose 5*h + a*m + 37 = -43, 24 = -h + m. Is (-5)/h + 471/4 a composite number?
True
Suppose -7 = -2*b - 1. Suppose 2*u = -b*d + 11 - 5, 0 = -4*u. Suppose f + 371 = d*f. Is f composite?
True
Suppose -2*o + 23378 = -744. Suppose -2*c - 5*s + o = 0, 2*c - 7236 - 4870 = 4*s. Is c composite?
False
Let x = 15944 + -8973. Is x prime?
True
Let p = 28 - 26. Suppose 5*m - 4*b - 2365 = 0, 3*m - p*b - 10 = 1407. Is m composite?
True
Let t(z) = -24*z - 9. Let j be t(13). Let k = 462 + j. Let l = 238 + k. Is l composite?
False
Let d = 19 - 18. Let c(w) = -261*w + 2. Let n be c(d). Is -4 + 4 + -2 - n prime?
True
Let k(d) = 12879*d - 272. Is k(11) a prime number?
True
Let r(a) = -17*a**3 - 5*a**2 + 6*a + 23. Is r(-7) prime?
False
Let h = 1 - -3. Suppose -h*j - 9481 = c, 3*j - 5*j = -3*c + 4737. Is (-1)/(-5) + j/(-25) a prime number?
False
Is (-203)/(-9) + 4/(-117)*-13 composite?
False
Suppose -951 = 3*g + 624. Is 4 - g/((-6)/(-2)) a composite number?
False
Let j(x) = -x**3 - 3*x**2 - 3*x - 3. Let m be j(-3). Let r be 4/m + 22198/(-33). Is r/(-10) + (-4)/20 a composite number?
False
Suppose 5*j - 7827 = -p, -13*p + 11*p + 15626 = -4*j. Is p a composite number?
False
Suppose -16509 = -4*h + 3*r, 3240 = -3*h + 3*r + 15618. Suppose 10*z - h = 8179. Is z composite?
False
Suppose -2*n - 308 = -3*n. Let w be -175*4/(-7 + 3). Let v = n - w. Is v a prime number?
False
Suppose 0 = 5*k - 2*k - 6. Suppose 2*x - 29 = x + 5*u, 8 = -k*u. Let g(n) = 3*n**2 - 10*n + 8. Is g(x) prime?
False
Suppose j = o - 2*j + 1, 2*j = 2. Suppose -2*i + 2*l - 7 = -1, -i - 12 = -4*l. Suppose 0 = t - 2, -g + 0*g + o*t + 43 = i. Is g a prime number?
True
Suppose -14 = 3*k - 2, -22 = -s + 5*k. Suppose -12 = -2*d + 6*d. Is (s/8)/(d/(-1956)) a prime number?
True
Suppose -14*s + 3618 = -1604. Is s composite?
False
Let c(f) = -116*f**2 - 3*f - 6. Let w be c(-2). Let q = w - -718. Is q prime?
False
Suppose 67*c - 72*c = -40570. Is c composite?
True
Let h(s) = s + 1. Let k be h(1). Suppose k*c + 0*c = 570. Let d = c - 74. Is d prime?
True
Let x(k) = 9*k**2 - 20*k + 53. Is x(18) a composite number?
False
Suppose 5*o - 25 = 0, -2*o + 23328 = 2*p - 4*o. Is p prime?
False
Let p(m) = -11*m + 33. Let b be p(3). Suppose b = 5*f - 9*f + 5128. Is f a composite number?
True
Let i = 264 + -157. Let z = 166 - i. Is z prime?
True
Let r be (-8)/44 - (26/(-22) + -1). Is (388 - 1) + (-8)/r prime?
True
Let n = 10 - 5. Suppose -148 = n*y - 6*y. Suppose 103 = z - y. Is z a composite number?
False
Let t = 3048 - 1541. Is t a prime number?
False
Suppose 70*r = 171150 + 223160. Is r a prime number?
False
Suppose -5*v + 5 = -20. Suppose y = t - 0 + 32, 26 = y + v*t. Is y a prime number?
True
Suppose 31 - 37 = 3*j. Let g(b) = 0 + 26*b**2 - 3 + 92*b**2 + 40*b**2. Is g(j) prime?
False
Let i(p) = 50*p**2 - 6*p - 9. Let b be i(-3). Suppose -z + 4*s + b = -1030, 4*s = 12. Is z a prime number?
False
Let f = 85066 - 53597. Is f prime?
True
Let m(v) = -v + 18. Let q(o) = o**2 - 3. Let y be q(-4). Let l be m(y). Suppose -l*i = 5, 4*i + i = n - 150. Is n a prime number?
False
Let g(s) be the third derivative of -s**4/24 + 479*s**3/6 + 4*s**2. Is g(0) a composite number?
False
Is -